{"id":268,"date":"2016-10-21T00:25:28","date_gmt":"2016-10-21T02:25:28","guid":{"rendered":"https:\/\/universonerd.net\/portalantigo\/?page_id=268"},"modified":"2018-05-28T18:29:53","modified_gmt":"2018-05-28T21:29:53","slug":"universo-nerd","status":"publish","type":"page","link":"https:\/\/universonerd.net\/portalantigo\/","title":{"rendered":"UniversoNERD.Net &#8211; Divers\u00e3o, Fam\u00edlia E Ensino Em Um S\u00f3 UNIVERSO!"},"content":{"rendered":"<p>Conhe\u00e7a o<strong> Projeto Universo NERD<\/strong> e participe conosco na constru\u00e7\u00e3o de uma comunidade s\u00f3lida e que curte assuntos dos mundos NERD &amp; GEEK! Siga: <a href=\"https:\/\/twitter.com\/reinaldovargas\" target=\"_blank\" rel=\"noopener\"><strong>twitter.com\/reinaldovargas<\/strong><\/a><\/p>\n","protected":false},"excerpt":{"rendered":"<p>Conhe\u00e7a o Projeto Universo NERD e participe conosco na constru\u00e7\u00e3o de uma comunidade s\u00f3lida e que curte assuntos dos mundos NERD &amp; GEEK! Siga: twitter.com\/reinaldovargas<\/p>\n","protected":false},"author":1,"featured_media":320,"parent":0,"menu_order":0,"comment_status":"closed","ping_status":"closed","template":"homepage.php","meta":{"_monsterinsights_skip_tracking":false,"_monsterinsights_sitenote_active":false,"_monsterinsights_sitenote_note":"","_monsterinsights_sitenote_category":0,"footnotes":""},"class_list":["post-268","page","type-page","status-publish","has-post-thumbnail","hentry"],"_links":{"self":[{"href":"https:\/\/universonerd.net\/portalantigo\/wp-json\/wp\/v2\/pages\/268","targetHints":{"allow":["GET"]}}],"collection":[{"href":"https:\/\/universonerd.net\/portalantigo\/wp-json\/wp\/v2\/pages"}],"about":[{"href":"https:\/\/universonerd.net\/portalantigo\/wp-json\/wp\/v2\/types\/page"}],"author":[{"embeddable":true,"href":"https:\/\/universonerd.net\/portalantigo\/wp-json\/wp\/v2\/users\/1"}],"replies":[{"embeddable":true,"href":"https:\/\/universonerd.net\/portalantigo\/wp-json\/wp\/v2\/comments?post=268"}],"version-history":[{"count":1,"href":"https:\/\/universonerd.net\/portalantigo\/wp-json\/wp\/v2\/pages\/268\/revisions"}],"predecessor-version":[{"id":32492,"href":"https:\/\/universonerd.net\/portalantigo\/wp-json\/wp\/v2\/pages\/268\/revisions\/32492"}],"wp:featuredmedia":[{"embeddable":true,"href":"https:\/\/universonerd.net\/portalantigo\/wp-json\/wp\/v2\/media\/320"}],"wp:attachment":[{"href":"https:\/\/universonerd.net\/portalantigo\/wp-json\/wp\/v2\/media?parent=268"}],"curies":[{"name":"wp","href":"https:\/\/api.w.org\/{rel}","templated":true}]}}